{"id":4436,"date":"2024-11-25T11:42:55","date_gmt":"2024-11-25T10:42:55","guid":{"rendered":"https:\/\/garminmountainfestival.com\/faqs\/"},"modified":"2026-02-19T13:25:56","modified_gmt":"2026-02-19T12:25:56","slug":"faqs-ca","status":"publish","type":"page","link":"https:\/\/garminmountainfestival.com\/ca\/faqs-ca\/","title":{"rendered":"FAQ&#8217;s"},"content":{"rendered":"<div class=\"wpb-content-wrapper\">[vc_row][vc_column][vc_column_text css=&#8221;&#8221;]\n<ul>\n<li>\n<h3><strong>ON I QUAN PODR\u00c9 RECOLLIR EL DORSAL?<\/strong><\/h3>\n<p>Al 27 de Juny a partir de les 12h es poden recollir els dorsals a la carpa blanca a la zona del festival.<\/li>\n<li>\n<h3><strong>COM PUC TROBAR EL MEU N\u00daMERO DE DORSAL?<\/strong><\/h3>\n<p>El n\u00famero de dorsal es podr\u00e0 trobar al panell d\u2019informaci\u00f3 a l&#8217;oficina de cursa el mateix dia.<\/li>\n<li>\n<h3><strong>ON PUC TROBAR EL RECORREGUT DE LA PROVA?<\/strong><\/h3>\n<p>El recorregut estar\u00e0 publicat a la mateixa pagina web. Si no est\u00e0 penjat, \u00e9s perqu\u00e8 encara no tenim el recorregut definit o s\u2019han de canviar coses! El dia de la cursa sempre pengem tots els recorreguts.<\/li>\n<li>\n<h3><strong>FINS QUIN DIA ESTARAN OBERTES LES INSCRIPCIONS?<\/strong><\/h3>\n<p>Les inscripcions estan obertes fins al dimecres anterior de la cursa a les 23h59. Tamb\u00e9 \u00e9s pot inscriure presencialment amb un c\u00e0rrec de 10\u20ac<\/li>\n<li>\n<h3><strong>PUC CANVIAR LA TALLA DE LA SAMARRETA?<\/strong><\/h3>\n<p>Envia&#8217;ns un correu per demanar si encara es pot canviar la talla. Si les inscripcions estan tancades, no es podr\u00e0 fer cap canvi fins que no s&#8217;acabi la cursa. Un cop acabada la cursa, es pot passar a l&#8217;oficina de cursa i mirar si queden talles.<\/li>\n<li>\n<h3><strong>PUC FER UN CANVI DE DISTANCIA?<\/strong><\/h3>\n<p>Si. Envia un correu demanant un canvi de distancia. Si es un canvi a una distancia m\u00e9s curta, no es fa cap tipo de reemborsament. Si es un canvi a una distancia m\u00e9s llarga, s&#8217;haur\u00e0 de pagar la difer\u00e8ncia. Tamb\u00e9 \u00e9s pot fer presencialment.<\/li>\n<li>\n<h3><strong>ON ES FARA LA SORTIDA?<\/strong><\/h3>\n<p>La sortida \u00e9s far\u00e0 a la zona del festival, al costat de la carpa d&#8217;inscripcions.<\/li>\n<li>\n<h3><strong>NO HE REBUT EL JUSTIFICANT DE L\u2019INSCRIPCI\u00d3. QUE S&#8217;HA DE FER?<\/strong><\/h3>\n<p>Envia un correu a hola@ocisport.net.<\/li>\n<li>\n<h3><strong>COM PUC CLASSIFICAR-ME PER AL CAMPIONAT MUNDIAL DE <\/strong><strong>TRAIL RUN <\/strong><strong>XTERRA?<\/strong><\/h3>\n<\/li>\n<\/ul>\n<p style=\"padding-left: 40px;\">Les places de classificaci\u00f3 per a les curses de mitja marat\u00f3 i marat\u00f3 completa del Campionat Mundial de Curses de Trail XTERRA s&#8217;atorgaran als corredors individuals amb millor temps de cada grup d&#8217;edat en cada prova de la XTERRA Trail Run World Series. Per a m\u00e9s informaci\u00f3, fes clic <a href=\"https:\/\/www.xterraplanet.com\/race-rules\/trail-run-world-championship-qualification\" target=\"_blank\" rel=\"noopener\">aqu\u00ed<\/a>.<\/p>\n[\/vc_column_text][\/vc_column][\/vc_row]\n<\/div>","protected":false},"excerpt":{"rendered":"<p>[vc_row][vc_column][vc_column_text css=&#8221;&#8221;] ON I QUAN PODR\u00c9 RECOLLIR EL DORSAL? Al 27 de Juny a partir de les 12h es poden recollir els dorsals a la carpa blanca a la zona del festival. COM PUC TROBAR EL MEU N\u00daMERO DE DORSAL? El n\u00famero de dorsal es podr\u00e0 trobar al panell d\u2019informaci\u00f3 a l&#8217;oficina de cursa el&hellip;<\/p>\n","protected":false},"author":6,"featured_media":0,"parent":0,"menu_order":0,"comment_status":"closed","ping_status":"closed","template":"","meta":{"footnotes":""},"class_list":["post-4436","page","type-page","status-publish","hentry","entry","no-media"],"_links":{"self":[{"href":"https:\/\/garminmountainfestival.com\/ca\/wp-json\/wp\/v2\/pages\/4436","targetHints":{"allow":["GET"]}}],"collection":[{"href":"https:\/\/garminmountainfestival.com\/ca\/wp-json\/wp\/v2\/pages"}],"about":[{"href":"https:\/\/garminmountainfestival.com\/ca\/wp-json\/wp\/v2\/types\/page"}],"author":[{"embeddable":true,"href":"https:\/\/garminmountainfestival.com\/ca\/wp-json\/wp\/v2\/users\/6"}],"replies":[{"embeddable":true,"href":"https:\/\/garminmountainfestival.com\/ca\/wp-json\/wp\/v2\/comments?post=4436"}],"version-history":[{"count":7,"href":"https:\/\/garminmountainfestival.com\/ca\/wp-json\/wp\/v2\/pages\/4436\/revisions"}],"predecessor-version":[{"id":5364,"href":"https:\/\/garminmountainfestival.com\/ca\/wp-json\/wp\/v2\/pages\/4436\/revisions\/5364"}],"wp:attachment":[{"href":"https:\/\/garminmountainfestival.com\/ca\/wp-json\/wp\/v2\/media?parent=4436"}],"curies":[{"name":"wp","href":"https:\/\/api.w.org\/{rel}","templated":true}]}}

<div class="wpb-content-wrapper">[vc_row][vc_column][vc_column_text css=&#8221;&#8221;]
<ul>
<li>
<h3><strong>ON I QUAN PODRÉ RECOLLIR EL DORSAL?</strong></h3>
<p>Al 27 de Juny a partir de les 12h es poden recollir els dorsals a la carpa blanca a la zona del festival.</li>
<li>
<h3><strong>COM PUC TROBAR EL MEU NÚMERO DE DORSAL?</strong></h3>
<p>El número de dorsal es podrà trobar al panell d’informació a l&#8217;oficina de cursa el mateix dia.</li>
<li>
<h3><strong>ON PUC TROBAR EL RECORREGUT DE LA PROVA?</strong></h3>
<p>El recorregut estarà publicat a la mateixa pagina web. Si no està penjat, és perquè encara no tenim el recorregut definit o s’han de canviar coses! El dia de la cursa sempre pengem tots els recorreguts.</li>
<li>
<h3><strong>FINS QUIN DIA ESTARAN OBERTES LES INSCRIPCIONS?</strong></h3>
<p>Les inscripcions estan obertes fins al dimecres anterior de la cursa a les 23h59. També és pot inscriure presencialment amb un càrrec de 10€</li>
<li>
<h3><strong>PUC CANVIAR LA TALLA DE LA SAMARRETA?</strong></h3>
<p>Envia&#8217;ns un correu per demanar si encara es pot canviar la talla. Si les inscripcions estan tancades, no es podrà fer cap canvi fins que no s&#8217;acabi la cursa. Un cop acabada la cursa, es pot passar a l&#8217;oficina de cursa i mirar si queden talles.</li>
<li>
<h3><strong>PUC FER UN CANVI DE DISTANCIA?</strong></h3>
<p>Si. Envia un correu demanant un canvi de distancia. Si es un canvi a una distancia més curta, no es fa cap tipo de reemborsament. Si es un canvi a una distancia més llarga, s&#8217;haurà de pagar la diferència. També és pot fer presencialment.</li>
<li>
<h3><strong>ON ES FARA LA SORTIDA?</strong></h3>
<p>La sortida és farà a la zona del festival, al costat de la carpa d&#8217;inscripcions.</li>
<li>
<h3><strong>NO HE REBUT EL JUSTIFICANT DE L’INSCRIPCIÓ. QUE S&#8217;HA DE FER?</strong></h3>
<p>Envia un correu a hola@ocisport.net.</li>
<li>
<h3><strong>COM PUC CLASSIFICAR-ME PER AL CAMPIONAT MUNDIAL DE </strong><strong>TRAIL RUN </strong><strong>XTERRA?</strong></h3>
</li>
</ul>
<p style="padding-left: 40px;">Les places de classificació per a les curses de mitja marató i marató completa del Campionat Mundial de Curses de Trail XTERRA s&#8217;atorgaran als corredors individuals amb millor temps de cada grup d&#8217;edat en cada prova de la XTERRA Trail Run World Series. Per a més informació, fes clic <a href="https://www.xterraplanet.com/race-rules/trail-run-world-championship-qualification" target="_blank" rel="noopener">aquí</a>.</p>
[/vc_column_text][/vc_column][/vc_row]
</div>

<p>[vc_row][vc_column][vc_column_text css=&#8221;&#8221;] ON I QUAN PODRÉ RECOLLIR EL DORSAL? Al 27 de Juny a partir de les 12h es poden recollir els dorsals a la carpa blanca a la zona del festival. COM PUC TROBAR EL MEU NÚMERO DE DORSAL? El número de dorsal es podrà trobar al panell d’informació a l&#8217;oficina de cursa el&hellip;</p>
